g. What are the prime factors of i?
2, 7, 11
Let k = -532 - -366. Let n be (3 + k/(-4))*2. Suppose -3*w + 91 = -n. List the prime factors of w.
2, 3, 5
Let t(j) = 1683*j**3 - 29*j**2 + 66*j. List the prime factors of t(2).
2, 5, 337
Suppose -118*z - 77*z + 5202996 - 646041 = 0. What are the prime factors of z?
23369
Suppose -33*i + 117655 = -67079. What are the prime factors of i?
2, 3, 311
Let u be 2/(-8) - (-7048)/32. Let s be 0/(5 + 1 + (-2 - 3)). Suppose 9*y - 14*y + u = s. List the prime factors of y.
2, 11
List the prime factors of 4 - (-10 + 1) - -5168.
3, 11, 157
Let l(h) = 2*h + 2. Let j be l(1). Suppose -98 - 14 = j*d. What are the prime factors of (0 - 18)/((-132)/d + -5)?
3, 7
Let n be (-22)/121 + 2/11. Suppose n = 5*k, 2*x = k + k - 4. Let j(w) = -101*w - 2. List the prime factors of j(x).
2, 5
What are the prime factors of ((-119)/(-21))/((3/(-15))/(9372/(-20)))?
11, 17, 71
Let p = -129 - -131. Suppose w + 3 = -4*k, -2*w + 3*w = k + p. What are the prime factors of (30 - 36)/(w/68*-3)?
2, 17
Let a = -5059 + 18499. What are the prime factors of a?
2, 3, 5, 7
Let p = 168 + -157. Suppose 2*l - p = 341. What are the prime factors of l?
2, 11
Let h = 34092 + -15682. List the prime factors of h.
2, 5, 7, 263
Let x(l) = 13*l**2 + 27*l - 89. Let r be x(4). Suppose 0 = 2*t - r - 175. What are the prime factors of t?
3, 67
Let p(l) = 85*l**2 - 98*l - 12. What are the prime factors of p(21)?
3, 5, 787
Suppose 36 = -2*n - 0*n. Let d = -78 - n. Let f = -4 - d. List the prime factors of f.
2, 7
Suppose -4*s - 5*i + 67790 = 0, 5*s - 57202 = -2*i + 27527. What are the prime factors of s?
5, 3389
Suppose 107248 - 29232 = 106*n. What are the prime factors of n?
2, 23
Suppose 57 - 145 = -4*d. Suppose -3*p + 3*x + 53 = p, -5*p + 72 = 2*x. Suppose g - d = p. What are the prime factors of g?
2, 3
Suppose -y = -7*c + 11*c - 64778, 4*c = 2*y - 129640. List the prime factors of y.
2, 3, 7, 1543
Let h = -24638 + 108817. What are the prime factors of h?
84179
Let g = 114 - 58. Let l = g + -31. List the prime factors of l + ((-1)/7 - 12/14).
2, 3
Let y(o) = -19*o**3 - 8*o**2 + 24*o + 67. What are the prime factors of y(-8)?
9091
What are the prime factors of (-648374)/(-13) + 113/1469?
3, 5, 7, 19
Let l(v) = -v**3 - 8*v**2 - 5*v - 38. Let z be l(-8). Suppose -4*p + 702 = z*k, 4*p - 76 - 973 = -3*k. What are the prime factors of k?
347
Let k = 68 - 84. Let l = -20 - k. What are the prime factors of l/((-1)/2 + 315/654)?
2, 109
Let s be ((-3 - -305)/2 + 0)*5. Suppose -2*y + s = 269. List the prime factors of y.
3
Suppose -5*h = -s + 6 - 47, 61 = 5*h + 4*s. List the prime factors of -45 + 952 - (h - 1).
29, 31
Let w(i) = -i**2 + 38*i - 17. Let o be w(36). Suppose 3*x = 41 + o. What are the prime factors of x?
2
Suppose 4*l = 4*g + 32, -4*l + 12 = -g + 2*g. Suppose -5*b + 194 = -l*b. Let v = -51 + b. What are the prime factors of v?
11, 13
Let b(k) = -36*k + 3. Let s be b(0). What are the prime factors of ((-132)/28 - s)*-35?
2, 3, 5
List the prime factors of 1*(789 + 3 - -12).
2, 3, 67
Let a(q) = -q**3 - q**2 - q + 3. Let s(u) = 28*u - 4. Let x be s(0). List the prime factors of a(x).
5, 11
Let a(z) = 282*z**2 + 5*z - 53. List the prime factors of a(-14).
3, 31, 593
Suppose -5*d = 4*u - 21201, 4*d + u = 5*u + 16968. Suppose d + 4631 = 8*p. List the prime factors of p.
1109
Let d(n) be the second derivative of -n**5/10 - 71*n**4/12 + n**3/2 + 15*n**2 + 137*n. What are the prime factors of d(-36)?
2, 3, 7, 29
Suppose 101*m - 75*m + 1290000 = 51*m. List the prime factors of m.
2, 3, 5, 43
Suppose -20 = -5*q, 24*q = -5*f + 26*q + 162577. List the prime factors of f.
3, 3613
Suppose -69 = 3*s - 78. Suppose -2*x = -j - 784, 3*j = -s*x + 4*j + 1178. List the prime factors of x.
2, 197
Let i(u) = -u**2 - 26*u - 1. Let y be i(-26). List the prime factors of 15/((-150)/(-3380)) - y*1.
3, 113
Let c(h) = -h**3 - 14*h**2 + 27*h + 9. Suppose z = 4*z + 42. Let d be c(z). Let w = d + 565. What are the prime factors of w?
2, 7
List the prime factors of (7 + (-3058)/6)*(4 + -7).
2, 13, 29
Suppose 0 = 2*y - 5*q + 10, 3*y + 3*q - 27 = -0*q. Suppose -4*d - 8*o = -4*o - 592, 0 = -y*d + 3*o + 732. What are the prime factors of d?
3, 7
List the prime factors of (-6 - 230/160*-4)*166728/(-2).
3, 6947
Suppose 2*x = 4*m - 2*x - 8, -x + 10 = m. Let v = 410 + m. List the prime factors of v.
2, 13
Let l = -99 - -100. Suppose -4*i - 3 = i - 3*m, -m + l = i. Suppose i*b - 207 = -3*b - w, 5*w = 0. What are the prime factors of b?
3, 23
Suppose 0 = -6*g + 5*g + 5. Suppose 2*m - 4*o = m + 923, g*o = -10. What are the prime factors of m?
3, 5, 61
Let g = -39591 + 66549. What are the prime factors of g?
2, 3, 4493
Let a be 102/18*57 + -5. Let y = a + 173. What are the prime factors of y?
491
Let n(h) be the third derivative of 3*h**6/40 - h**5/20 + h**4/6 - 2*h**3/3 + 29*h**2. Let w be n(2). Let s = 88 + w. What are the prime factors of s?
2, 19
Let y(f) = f**3 - 9*f**2 + 2 + 37*f**2 - 11*f**2 - 11*f**2. Suppose -3*z = 2*v + 15, -3*v + 2*z - 20 = 4*z. What are the prime factors of y(v)?
2
Suppose -14*z - 180 = 16*z. Let r(a) = -11*a - 44. List the prime factors of r(z).
2, 11
Let d be ((-114)/9)/(93/99 - 1). Let z = d - -78. List the prime factors of z.
7, 41
Let q(i) = i**2 - 6. Let s be q(-3). Suppose s*r + 7 = -2. List the prime factors of (4 + (-201)/r)/1.
71
Let a(f) = -158*f**3 - 10*f**2 - 3*f + 20. List the prime factors of a(-4).
2, 3, 13
Let c be ((-9)/6)/((-57)/190). Suppose -683 = -4*t + k, 0 = -3*t + c*k + 491. What are the prime factors of t?
2, 43
Let f(l) = 2*l**2 + 4*l - 17. Let c(i) be the first derivative of 3*i**2 + 17*i + 5. Let v be c(-4). List the prime factors of f(v).
53
Let v(s) = 36*s**3 - 5*s**2 + 8*s - 2. Let i(d) = 4*d**2 + 12*d + 2. Let p be i(-3). List the prime factors of v(p).
2, 3, 47
Let w = 52885 - 26140. List the prime factors of w.
3, 5, 1783
Let y(u) = 53*u**3 + 12*u**2 - 16*u + 36. List the prime factors of y(8).
2, 17, 409
Let h = -22233 - -64340. What are the prime factors of h?
13, 41, 79
Let m = 33812 - 22867. List the prime factors of m.
5, 11, 199
Suppose 0 = 10*a + 20271 - 23200 - 71751. List the prime factors of a.
2, 1867
Suppose 4*y - 17730 = 12362. List the prime factors of y.
7523
Suppose -22*k = -14*k. Suppose 0 = -2*f + f - r + 395, k = -f + 3*r + 399. What are the prime factors of f?
2, 3, 11
Let u(c) = -7*c + 1. Let m be u(-5). Suppose -3*d = -5*x - m, 13 = 3*d - 3*x - 17. Let p(w) = 2*w. What are the prime factors of p(d)?
2, 7
Suppose 0 = -59*v + 62*v + 186. Let z = v - -189. Let y = 207 - z. What are the prime factors of y?
2, 5
Suppose -a + 8 = 8*u - 9*u, -4*u = 5*a + 5. Suppose a*z = 2833 - 460. What are the prime factors of z?
7, 113
Let g(v) = 20765*v**2 + 32*v + 39. List the prime factors of g(-1).
2, 3, 577
Suppose -3*q + d + 653 = 0, d + 118 = -3*q + 761. Suppose -n - 4*z + 259 = 0, -748 = -2*n - z - q. List the prime factors of n.
3, 89
List the prime factors of (-62 - -70) + 14941*1.
3, 11, 151
Let m = 26980 - -11882. List the prime factors of m.
2, 3, 17, 127
Let w(l) = -356*l**3 + l**2 - 5*l - 11. What are the prime factors of w(-2)?
2851
Let c = -215 - -217. Suppose c*z = -z + m + 1713, 0 = z + 4*m - 571. List the prime factors of z.
571
Let l(a) = -a**2 - 19*a - 21. Let q be l(-17). Suppose -4*t - q = -53. List the prime factors of (15/t)/(9/240).
2, 5
Let g(q) = q**3 + 8*q**2 + 4*q + 18. Let b be g(-8). Let t be 3 + ((-8)/48 - b/12). Suppose -2*d = 2*d - 2*l - 14, 2*d - t*l = 16. List the prime factors of d.
2
Let v(t) be the second derivative of -t**5/10 - t**4/2 + 4*t**3/3 + t**2/2 - 213*t. What are the prime factors of v(-7)?
337
Suppose 5*s - 7603 = -a, 33*a - 15232 = 31*a + 3*s. What are the prime factors of a?
23, 331
Suppose 0 = -425*t + 350*t + 1186973 + 654802. What are the prime factors of t?
13, 1889
Suppose 17*s - 10*s - 14 = 0. Let t(g) = 0*g**3 + 3*g - s*g**2 + 3*g + 2*g + 5 + 2*g**3. What are the prime factors of t(4)?
7, 19
Let v = -4083 - -22827. List the prime factors of v.
2, 3, 11, 71
Suppose k - 3*y + 1578 = -8*y, -3*k = 5*y + 4714. Let u = -1076 - k. Suppose 3*s + 12 = -z + 142, -4*z - 5*s = -u. What are the prime factors of z?
2, 59
Let h = 34 + -62. Let y = -25 - h. Let n = y - -22. List the prim